21798 and 68?
34
Calculate the greatest common divisor of 1233 and 38320407.
1233
What is the highest common divisor of 256791355 and 9815?
755
Calculate the greatest common factor of 6153542 and 11942.
1706
Calculate the greatest common factor of 17228 and 9383128.
292
What is the greatest common factor of 11 and 269939?
1
What is the highest common divisor of 119927 and 1333?
43
Calculate the greatest common factor of 69193850 and 11.
11
Calculate the highest common factor of 832 and 209408732.
52
What is the highest common divisor of 115227 and 6605109?
3717
What is the highest common divisor of 1057281522 and 231?
33
What is the greatest common divisor of 1501 and 90404914?
79
What is the greatest common divisor of 81774 and 78588?
1062
What is the greatest common divisor of 34827 and 40441557?
741
Calculate the greatest common divisor of 61746 and 76260.
246
Calculate the greatest common divisor of 184 and 1199857192.
184
Calculate the highest common factor of 33 and 2381154.
3
Calculate the highest common factor of 9699 and 445359.
159
What is the highest common factor of 1020068 and 4648?
28
What is the highest common divisor of 8819882 and 2?
2
What is the highest common factor of 78410196 and 25434?
2826
What is the highest common factor of 212500 and 2100?
100
What is the greatest common divisor of 9996752 and 32?
16
What is the greatest common divisor of 136 and 12127630?
34
Calculate the highest common factor of 61695720 and 1440.
360
What is the greatest common divisor of 78480212 and 1076?
1076
Calculate the highest common divisor of 1024323 and 35648.
557
Calculate the highest common factor of 382 and 65558.
2
What is the greatest common divisor of 1350 and 858450?
150
What is the highest common divisor of 27 and 6044772?
3
What is the greatest common divisor of 67374 and 127680?
114
Calculate the highest common factor of 460 and 1492516.
92
What is the highest common divisor of 1472 and 9415648?
736
What is the highest common factor of 38566 and 21422?
2
Calculate the greatest common factor of 2400 and 138686400.
2400
What is the greatest common factor of 15827 and 555679?
17
Calculate the highest common factor of 653 and 179862973.
653
What is the highest common divisor of 802262 and 244832?
2186
Calculate the highest common factor of 27149256 and 1584.
72
Calculate the greatest common factor of 5433810 and 7.
1
Calculate the greatest common factor of 11868 and 14808.
12
Calculate the greatest common divisor of 886 and 177369226.
886
What is the greatest common factor of 31723992 and 736?
184
What is the greatest common factor of 180 and 341855820?
180
Calculate the greatest common divisor of 1448725 and 755675.
4175
Calculate the greatest common factor of 115 and 1531662.
23
What is the greatest common divisor of 386569616 and 2902?
2902
What is the greatest common factor of 72 and 103339272?
24
Calculate the highest common factor of 924 and 95522532.
84
Calculate the highest common factor of 4 and 9746864.
4
What is the highest common divisor of 5 and 36799835?
5
Calculate the greatest common factor of 4439386 and 371.
371
What is the greatest common factor of 1 and 796971?
1
Calculate the greatest common divisor of 3615 and 17497.
1
What is the highest common factor of 1540 and 11476740?
220
Calculate the greatest common divisor of 78 and 1144362.
6
What is the highest common divisor of 36548005 and 24115?
3445
Calculate the greatest common factor of 99734 and 8366.
94
Calculate the highest common factor of 78 and 193797474.
78
Calculate the greatest common divisor of 9512943 and 246.
123
Calculate the greatest common divisor of 18 and 7386804.
18
Calculate the highest common factor of 276153931 and 1154.
577
Calculate the greatest common factor of 244 and 51768260.
244
What is the highest common factor of 1007 and 58260197?
53
Calculate the highest common factor of 268 and 63001574.
134
Calculate the highest common divisor of 148060 and 67496516.
2692
What is the greatest common factor of 57 and 620772?
3
Calculate the greatest common factor of 601 and 14359693.
601
Calculate the greatest common divisor of 103772896 and 204.
68
What is the greatest common factor of 7632 and 3876208?
848
What is the greatest common divisor of 100646436 and 1104?
276
Calculate the greatest common factor of 2725752 and 195636.
1644
Calculate the highest common factor of 25449657 and 1524.
381
What is the highest common divisor of 1549 and 54306391?
1549
Calculate the greatest common factor of 54141362 and 374.
374
Calculate the highest common divisor of 8804 and 169406.
142
Calculate the highest common divisor of 516906 and 82062.
846
What is the highest common factor of 1432 and 22192?
8
Calculate the greatest common factor of 7660504 and 256.
8
What is the highest common divisor of 151616 and 12352?
64
Calculate the greatest common divisor of 2535456 and 78848.
2464
What is the highest common factor of 1494 and 5200578?
18
What is the highest common factor of 21 and 37466695?
7
What is the highest common divisor of 2662 and 845064?
242
What is the greatest common factor of 45748230 and 22?
22
What is the greatest common divisor of 28746 and 15486109?
1597
Calculate the highest common factor of 16 and 46656508.
4
Calculate the greatest common factor of 26151558 and 18.
6
What is the highest common divisor of 3774 and 260107854?
3774
Calculate the highest common divisor of 185913 and 8064.
63
What is the highest common factor of 8535839 and 91?
13
What is the greatest common divisor of 6135526 and 83?
83
Calculate the greatest common factor of 3158722 and 49.
7
What is the greatest common divisor of 3318 and 1391664?
474
Calculate the highest common divisor of 84 and 377022891.
21
Calculate the greatest common divisor of 38593063 and 27401.
2491
What is the greatest common divisor of 532 and 15150044?
28
What is the highest common divisor of 82853 and 1754198?
2857
Calculate the highest common factor of 832 and 8031088.
208
What is the highest common factor of 86275 and 152320?
595
Calculate the greatest common divisor of 147418 and 432.
2
Calculate the greatest common divisor of 119808 and 2405988.
468
What is the greatest common divisor of 19176 and 574716?
564
What is the greatest common factor of 12089699 and 7713?
857
Calculate the greatest common divisor of 3689 and 1329349.
119
What is the highest common factor of 8652 and 511164?
12
Calculate the highest common divisor of 8 and 52787128.
8
Calculate the greatest common divisor of 21155038 and 331874.
7718
Calculate the highest common divisor of 12993243 and 1809.
201
Calculate the highest common divisor of 1187382 and 4182.
102
What is the greatest common factor of 1220 and 1038580?
20
What is the highest common divisor of 8 and 4386753064?
8
Calculate the highest common factor of 22453893 and 9933.
231
Calculate the highest common divisor of 5768 and 148120.
56
Calculate the greatest common factor of 342441 and 34452.
297
Calculate the greatest common divisor of 1056 and 1905840.
48
Calculate the highest common divisor of 29035725 and 1125.
75
Calculate the greatest common divisor of 728 and 2651656.
56
Calculate the greatest common divisor of 3960 and 14746545.
495
What is the highest common divisor of 330 and 2476947?
33
What is the highest common divisor of 5355 and 81657205?
595
Calculate the highest common divisor of 4245009 and 3423.
489
What is the highest common factor of 2920782 and 12?
6
What is the greatest common divisor of 21857920 and 90304?
1088
Calculate the highest common factor of 808113285 and 113.
113
Calculate the highest common divisor of 80 and 297872.
16
Calculate the greatest common divisor of 1196538 and 245373.
2757
Calculate the greatest common divisor of 1891305 and 9540.
2385
What is the highest common divisor of 33423775 and 119504?
7469
What is the highest common divisor of 33690427 and 1?
1
Calculate the greatest common divisor of 26208 and 16866.
18
Calculate the highest common divisor of 12303 and 46927743.
4101
What is the greatest common factor of 70917 and 16317357?
6447
Calculate the highest common divisor of 7711055 and 2090.
1045
Calculate the highest common divisor of 3569818125 and 75.
75
Calculate the greatest common factor of 300 and 